{"id":252,"date":"2020-04-09T15:26:51","date_gmt":"2020-04-09T15:26:51","guid":{"rendered":"http:\/\/how-logistics.de\/?page_id=252"},"modified":"2020-11-30T14:33:30","modified_gmt":"2020-11-30T14:33:30","slug":"beratung-coaching","status":"publish","type":"page","link":"https:\/\/how-logistics.de\/?page_id=252","title":{"rendered":"coaching &#038; consulting"},"content":{"rendered":"\t\t<div data-elementor-type=\"wp-page\" data-elementor-id=\"252\" class=\"elementor elementor-252\" data-elementor-settings=\"[]\">\n\t\t\t\t\t\t<div class=\"elementor-inner\">\n\t\t\t\t\t\t\t<div class=\"elementor-section-wrap\">\n\t\t\t\t\t\t\t<section class=\"elementor-section elementor-top-section elementor-element elementor-element-e3e465a elementor-section-boxed elementor-section-height-default elementor-section-height-default\" data-id=\"e3e465a\" data-element_type=\"section\">\n\t\t\t\t\t\t<div class=\"elementor-container elementor-column-gap-default\">\n\t\t\t\t\t\t\t<div class=\"elementor-row\">\n\t\t\t\t\t<div class=\"elementor-column elementor-col-100 elementor-top-column elementor-element elementor-element-d43692e\" data-id=\"d43692e\" data-element_type=\"column\">\n\t\t\t<div class=\"elementor-column-wrap elementor-element-populated\">\n\t\t\t\t\t\t\t<div class=\"elementor-widget-wrap\">\n\t\t\t\t\t\t<div class=\"elementor-element elementor-element-3524929b elementor-widget elementor-widget-text-editor\" data-id=\"3524929b\" data-element_type=\"widget\" data-widget_type=\"text-editor.default\">\n\t\t\t\t<div class=\"elementor-widget-container\">\n\t\t\t\t\t<div class=\"elementor-text-editor elementor-clearfix\"><!-- wp:paragraph -->\n<h3>Sie haben ein Unternehmen, das \u201eirgendwas mit Logistik\u201c zu tun hat?\u00a0<\/h3>\n<h6>Wie z.B. einen Online-Shop mit Lagerhaltung, einen Produktionsbetrieb mit angeschlossenem Lager, eine Spedition.<br \/><br \/>Sie brauchen punktuelle Unterst\u00fctzung in Fragen zur Logistik? <\/h6>\n<h6>Wie zum Beispiel:<br \/><!-- \/wp:paragraph --><!-- wp:paragraph --><\/h6>\n<ul>\n<li>\n<h6>Welche Form der Lagerhaltung macht f\u00fcr meine Produkte Sinn?<\/h6>\n<\/li>\n<\/ul>\n<h6><!-- \/wp:paragraph --><!-- wp:paragraph --><\/h6>\n<ul>\n<li>\n<h6>Welche KPIs sollte ich ermitteln und wie steuer ich damit mein Lager?<\/h6>\n<\/li>\n<\/ul>\n<h6><!-- \/wp:paragraph --><!-- wp:paragraph --><\/h6>\n<ul>\n<li>\n<h6>Muss ich bei meiner Unternehmensgr\u00f6\u00dfe \u00fcber ein Lagerverwaltungssystem nachdenken, welche gibt es und welche Vorteile bringen mir die Systeme?<\/h6>\n<\/li>\n<\/ul>\n<h6><!-- \/wp:paragraph --><br \/>Als Online-Logistikberater treffen wir uns per Skype, Zoom oder Teams und wir unterst\u00fctzen Sie bei der L\u00f6sung Ihres Logistik-Problems. Das ist einfach, schnell und kostentransparent. Denn gemeinsam erarbeiten wir einen L\u00f6sungsweg, der Sie effektiv und effizient in Ihrem Business voranbringt.<br \/><br \/><!-- \/wp:paragraph --><!-- wp:paragraph --><br \/>F\u00fcr eine gemeinsame Terminfindung schreiben Sie gerne eine E-Mail an\u00a0 <a href=\"mailto:thomas@how-logistics.de\" target=\"_blank\" rel=\"noopener\">thomas@how-logistics.de<\/a> oder vereinbaren direkt ein kostenloses Erstgespr\u00e4ch durch einen Klick auf den unten stehenden Button.<\/h6>\n<!-- \/wp:paragraph --><\/div>\n\t\t\t\t<\/div>\n\t\t\t\t<\/div>\n\t\t\t\t\t\t<\/div>\n\t\t\t\t\t<\/div>\n\t\t<\/div>\n\t\t\t\t\t\t\t\t<\/div>\n\t\t\t\t\t<\/div>\n\t\t<\/section>\n\t\t\t\t<section class=\"elementor-section elementor-top-section elementor-element elementor-element-728e534 elementor-section-boxed elementor-section-height-default elementor-section-height-default\" data-id=\"728e534\" data-element_type=\"section\">\n\t\t\t\t\t\t<div class=\"elementor-container elementor-column-gap-default\">\n\t\t\t\t\t\t\t<div class=\"elementor-row\">\n\t\t\t\t\t<div class=\"elementor-column elementor-col-100 elementor-top-column elementor-element elementor-element-852df56\" data-id=\"852df56\" data-element_type=\"column\">\n\t\t\t<div class=\"elementor-column-wrap elementor-element-populated\">\n\t\t\t\t\t\t\t<div class=\"elementor-widget-wrap\">\n\t\t\t\t\t\t<div class=\"elementor-element elementor-element-6a66bad elementor-align-center elementor-widget elementor-widget-button\" data-id=\"6a66bad\" data-element_type=\"widget\" data-widget_type=\"button.default\">\n\t\t\t\t<div class=\"elementor-widget-container\">\n\t\t\t\t\t<div class=\"elementor-button-wrapper\">\n\t\t\t<a href=\"https:\/\/calendly.com\/thomas-luehrs-termine\/15min\" target=\"_blank\" class=\"elementor-button-link elementor-button elementor-size-md\" role=\"button\">\n\t\t\t\t\t\t<span class=\"elementor-button-content-wrapper\">\n\t\t\t\t\t\t<span class=\"elementor-button-text\">Jetzt einen Termin f\u00fcr ein kostenloses Erstgespr\u00e4ch buchen<\/span>\n\t\t<\/span>\n\t\t\t\t\t<\/a>\n\t\t<\/div>\n\t\t\t\t<\/div>\n\t\t\t\t<\/div>\n\t\t\t\t\t\t<\/div>\n\t\t\t\t\t<\/div>\n\t\t<\/div>\n\t\t\t\t\t\t\t\t<\/div>\n\t\t\t\t\t<\/div>\n\t\t<\/section>\n\t\t\t\t\t\t<\/div>\n\t\t\t\t\t\t<\/div>\n\t\t\t\t\t<\/div>\n\t\t","protected":false},"excerpt":{"rendered":"<p>Sie haben ein Unternehmen, das \u201eirgendwas mit Logistik\u201c zu tun hat?\u00a0 Wie z.B. einen Online-Shop mit Lagerhaltung, einen Produktionsbetrieb mit angeschlossenem Lager, eine Spedition.Sie brauchen punktuelle Unterst\u00fctzung in Fragen zur Logistik? Wie zum Beispiel: Welche Form der Lagerhaltung macht f\u00fcr meine Produkte Sinn? Welche KPIs sollte ich ermitteln und wie steuer ich damit mein Lager? [&hellip;]<\/p>\n","protected":false},"author":1,"featured_media":0,"parent":0,"menu_order":2,"comment_status":"closed","ping_status":"closed","template":"templates\/fullwidth.php","meta":[],"_links":{"self":[{"href":"https:\/\/how-logistics.de\/index.php?rest_route=\/wp\/v2\/pages\/252"}],"collection":[{"href":"https:\/\/how-logistics.de\/index.php?rest_route=\/wp\/v2\/pages"}],"about":[{"href":"https:\/\/how-logistics.de\/index.php?rest_route=\/wp\/v2\/types\/page"}],"author":[{"embeddable":true,"href":"https:\/\/how-logistics.de\/index.php?rest_route=\/wp\/v2\/users\/1"}],"replies":[{"embeddable":true,"href":"https:\/\/how-logistics.de\/index.php?rest_route=%2Fwp%2Fv2%2Fcomments&post=252"}],"version-history":[{"count":13,"href":"https:\/\/how-logistics.de\/index.php?rest_route=\/wp\/v2\/pages\/252\/revisions"}],"predecessor-version":[{"id":361,"href":"https:\/\/how-logistics.de\/index.php?rest_route=\/wp\/v2\/pages\/252\/revisions\/361"}],"wp:attachment":[{"href":"https:\/\/how-logistics.de\/index.php?rest_route=%2Fwp%2Fv2%2Fmedia&parent=252"}],"curies":[{"name":"wp","href":"https:\/\/api.w.org\/{rel}","templated":true}]}}