{"id":17,"date":"2020-04-06T13:55:13","date_gmt":"2020-04-06T13:55:13","guid":{"rendered":"http:\/\/how-logistics.de\/?page_id=17"},"modified":"2021-04-14T15:30:58","modified_gmt":"2021-04-14T15:30:58","slug":"blog","status":"publish","type":"page","link":"https:\/\/how-logistics.de\/?page_id=17","title":{"rendered":"Blog &#038; Videos"},"content":{"rendered":"\t\t<div data-elementor-type=\"wp-page\" data-elementor-id=\"17\" class=\"elementor elementor-17\" data-elementor-settings=\"[]\">\n\t\t\t\t\t\t<div class=\"elementor-inner\">\n\t\t\t\t\t\t\t<div class=\"elementor-section-wrap\">\n\t\t\t\t\t\t\t<section class=\"elementor-section elementor-top-section elementor-element elementor-element-1709a0c elementor-section-boxed elementor-section-height-default elementor-section-height-default\" data-id=\"1709a0c\" data-element_type=\"section\">\n\t\t\t\t\t\t<div class=\"elementor-container elementor-column-gap-default\">\n\t\t\t\t\t\t\t<div class=\"elementor-row\">\n\t\t\t\t\t<div class=\"elementor-column elementor-col-33 elementor-top-column elementor-element elementor-element-c538baa\" data-id=\"c538baa\" data-element_type=\"column\">\n\t\t\t<div class=\"elementor-column-wrap elementor-element-populated\">\n\t\t\t\t\t\t\t<div class=\"elementor-widget-wrap\">\n\t\t\t\t\t\t<div class=\"elementor-element elementor-element-1a3cb30 elementor-widget elementor-widget-text-editor\" data-id=\"1a3cb30\" data-element_type=\"widget\" data-widget_type=\"text-editor.default\">\n\t\t\t\t<div class=\"elementor-widget-container\">\n\t\t\t\t\t<div class=\"elementor-text-editor elementor-clearfix\"><h5>Wichtige Kennzahlen im Lager, nicht nur in Krisenzeiten!<\/h5><p>Oder gerade in Krisenzeiten, um ein besseres Steuerungsinstrument zu haben?<\/p><p>F\u00fcr mich sind folgende Kennzahlen die wichtigsten:<\/p><p>\u2776 Lieferf\u00e4higkeit<br \/>\u2777 Lagerbestand<br \/>\u2778 Umschlagsh\u00e4ufigkeit<br \/>\u2779 Auftragsstruktur<br \/>\u277a Auftragsschwankungen<\/p><p><strong><a href=\"https:\/\/how-logistics.de\/?page_id=403\"><span style=\"color: #000080;\">Zum Weiterlesen und Video bitte hier Klicken<\/span><\/a>.<\/strong><\/p><\/div>\n\t\t\t\t<\/div>\n\t\t\t\t<\/div>\n\t\t\t\t\t\t<\/div>\n\t\t\t\t\t<\/div>\n\t\t<\/div>\n\t\t\t\t<div class=\"elementor-column elementor-col-33 elementor-top-column elementor-element elementor-element-a2aca9e\" data-id=\"a2aca9e\" data-element_type=\"column\">\n\t\t\t<div class=\"elementor-column-wrap elementor-element-populated\">\n\t\t\t\t\t\t\t<div class=\"elementor-widget-wrap\">\n\t\t\t\t\t\t<div class=\"elementor-element elementor-element-4c969c7 elementor-widget elementor-widget-text-editor\" data-id=\"4c969c7\" data-element_type=\"widget\" data-widget_type=\"text-editor.default\">\n\t\t\t\t<div class=\"elementor-widget-container\">\n\t\t\t\t\t<div class=\"elementor-text-editor elementor-clearfix\"><h5>Einbindung der 5 wichtigsten Kennzahlen in den Wertsch\u00f6pfungsprozess<\/h5><p>Warum ist eine End-to-End-Beziehung in der Betrachtung der 5 wichtigsten Kennzahlen in der Logistik \/ im Lager wichtig?<\/p><p>Wo steht der Kunde in der Wertsch\u00f6pfungskette?<\/p><p>Oder gibt es noch eine bessere Darstellung in der Beziehung der Wertsch\u00f6pfungsprozesse mit Blick auf den Kunden?<\/p><p><a href=\"https:\/\/how-logistics.de\/?page_id=415\"><strong><span style=\"color: #000080;\">Zum Weiterlesen und Video bitte hier Klicken<\/span><\/strong><\/a><\/p><\/div>\n\t\t\t\t<\/div>\n\t\t\t\t<\/div>\n\t\t\t\t\t\t<\/div>\n\t\t\t\t\t<\/div>\n\t\t<\/div>\n\t\t\t\t<div class=\"elementor-column elementor-col-33 elementor-top-column elementor-element elementor-element-6147caf\" data-id=\"6147caf\" data-element_type=\"column\">\n\t\t\t<div class=\"elementor-column-wrap elementor-element-populated\">\n\t\t\t\t\t\t\t<div class=\"elementor-widget-wrap\">\n\t\t\t\t\t\t<div class=\"elementor-element elementor-element-9ad1af8 elementor-widget elementor-widget-text-editor\" data-id=\"9ad1af8\" data-element_type=\"widget\" data-widget_type=\"text-editor.default\">\n\t\t\t\t<div class=\"elementor-widget-container\">\n\t\t\t\t\t<div class=\"elementor-text-editor elementor-clearfix\"><h5>Transparenz im Wertsch\u00f6pfungsprozess erh\u00f6ht kundenzentriertes Handeln<\/h5><p>Pl\u00f6tzliche \u00c4nderungen im Kundenverhalten f\u00fchren zu enormen Schwankungen im Wertsch\u00f6pfungsprozess bzw. in der Lieferkette. Durch fehlende Transparenz in den Lieferketten und die fehlende Sicht auf den Kunden entsteht der Bullwhip-Effekt. Die Betrachtung der Prozesse in Form einer Spirale f\u00fchrt zu einer engverschmolzenen End-to-End-Beziehung der Prozesse, die agil agieren und schnell auf \u00c4nderungen reagieren k\u00f6nnen.<\/p><p><a href=\"https:\/\/how-logistics.de\/?page_id=417\"><strong><span style=\"color: #000080;\">Zum Weiterlesen bitte hier Klicken.<\/span><\/strong><\/a><\/p><\/div>\n\t\t\t\t<\/div>\n\t\t\t\t<\/div>\n\t\t\t\t\t\t<\/div>\n\t\t\t\t\t<\/div>\n\t\t<\/div>\n\t\t\t\t\t\t\t\t<\/div>\n\t\t\t\t\t<\/div>\n\t\t<\/section>\n\t\t\t\t<section class=\"elementor-section elementor-top-section elementor-element elementor-element-e6dbac2 elementor-section-boxed elementor-section-height-default elementor-section-height-default\" data-id=\"e6dbac2\" data-element_type=\"section\">\n\t\t\t\t\t\t<div class=\"elementor-container elementor-column-gap-default\">\n\t\t\t\t\t\t\t<div class=\"elementor-row\">\n\t\t\t\t\t<div class=\"elementor-column elementor-col-33 elementor-top-column elementor-element elementor-element-375355d\" data-id=\"375355d\" data-element_type=\"column\">\n\t\t\t<div class=\"elementor-column-wrap elementor-element-populated\">\n\t\t\t\t\t\t\t<div class=\"elementor-widget-wrap\">\n\t\t\t\t\t\t<div class=\"elementor-element elementor-element-2310ca9 elementor-widget elementor-widget-text-editor\" data-id=\"2310ca9\" data-element_type=\"widget\" data-widget_type=\"text-editor.default\">\n\t\t\t\t<div class=\"elementor-widget-container\">\n\t\t\t\t\t<div class=\"elementor-text-editor elementor-clearfix\"><h5>Das Werte- und Entwicklungs-Quadrat in der Logistik<\/h5><p>Was hat eine Coaching-Methode wie das Werte- und Entwicklungs-Quadrat mit Logistik zu tun?<\/p><p>Eigentlich nichts. Die Methode soll lediglich aufzeigen, wie wichtig es ist, ein Projekt richtig aufzusetzen und sich von Anfang an Gedanken dar\u00fcber zu machen, was das Ziel sein soll, wie man dort hinkommen m\u00f6chte, welche Parameter noch ber\u00fccksichtigt werden sollten und so weiter.<\/p><p>Die Methode soll aufzeigen, dass \u201eblinder\u201c Aktionismus h\u00e4ufig in die falsche Richtung f\u00fchrt.<\/p><p><a href=\"https:\/\/how-logistics.de\/?page_id=450\"><span style=\"color: #000080;\"><strong>Zum Weiterlesen bitte hier Klicken.<\/strong><\/span><\/a><\/p><\/div>\n\t\t\t\t<\/div>\n\t\t\t\t<\/div>\n\t\t\t\t\t\t<\/div>\n\t\t\t\t\t<\/div>\n\t\t<\/div>\n\t\t\t\t<div class=\"elementor-column elementor-col-33 elementor-top-column elementor-element elementor-element-2a188eb\" data-id=\"2a188eb\" data-element_type=\"column\">\n\t\t\t<div class=\"elementor-column-wrap elementor-element-populated\">\n\t\t\t\t\t\t\t<div class=\"elementor-widget-wrap\">\n\t\t\t\t\t\t<div class=\"elementor-element elementor-element-23cc59e elementor-widget elementor-widget-text-editor\" data-id=\"23cc59e\" data-element_type=\"widget\" data-widget_type=\"text-editor.default\">\n\t\t\t\t<div class=\"elementor-widget-container\">\n\t\t\t\t\t<div class=\"elementor-text-editor elementor-clearfix\"><h5>Customer Journey<\/h5><p>Wie kann die Customer Journey meine Kennzahlen im Lager beeinflussen?<\/p><p>Welchen Einfluss hat der Kunde?<\/p><p>Was ist bei der Betrachtung und Festlegung der KPIs wichtiger: die Unternehmens- oder die Kundensicht?<\/p><p><a href=\"https:\/\/how-logistics.de\/?page_id=458\"><span style=\"color: #000080;\"><strong>Zum Weiterlesen bitte hier Klicken. <\/strong><\/span><\/a><\/p><\/div>\n\t\t\t\t<\/div>\n\t\t\t\t<\/div>\n\t\t\t\t\t\t<\/div>\n\t\t\t\t\t<\/div>\n\t\t<\/div>\n\t\t\t\t<div class=\"elementor-column elementor-col-33 elementor-top-column elementor-element elementor-element-e18107d\" data-id=\"e18107d\" data-element_type=\"column\">\n\t\t\t<div class=\"elementor-column-wrap elementor-element-populated\">\n\t\t\t\t\t\t\t<div class=\"elementor-widget-wrap\">\n\t\t\t\t\t\t<div class=\"elementor-element elementor-element-f6861b5 elementor-widget elementor-widget-text-editor\" data-id=\"f6861b5\" data-element_type=\"widget\" data-widget_type=\"text-editor.default\">\n\t\t\t\t<div class=\"elementor-widget-container\">\n\t\t\t\t\t<div class=\"elementor-text-editor elementor-clearfix\"><h5>Logistikcoaching am Strand<\/h5><p>Workshops auf Langeoog.<\/p><p><img loading=\"lazy\" class=\"alignnone size-medium wp-image-473\" src=\"http:\/\/how-logistics.de\/wp-content\/uploads\/2021\/04\/Online-Logistikcoaching-vs-Logistikcoaching-Langeoog-300x204.jpg\" alt=\"\" width=\"300\" height=\"204\" srcset=\"https:\/\/how-logistics.de\/wp-content\/uploads\/2021\/04\/Online-Logistikcoaching-vs-Logistikcoaching-Langeoog-300x204.jpg 300w, https:\/\/how-logistics.de\/wp-content\/uploads\/2021\/04\/Online-Logistikcoaching-vs-Logistikcoaching-Langeoog-1024x695.jpg 1024w, https:\/\/how-logistics.de\/wp-content\/uploads\/2021\/04\/Online-Logistikcoaching-vs-Logistikcoaching-Langeoog-768x521.jpg 768w, https:\/\/how-logistics.de\/wp-content\/uploads\/2021\/04\/Online-Logistikcoaching-vs-Logistikcoaching-Langeoog-1536x1043.jpg 1536w, https:\/\/how-logistics.de\/wp-content\/uploads\/2021\/04\/Online-Logistikcoaching-vs-Logistikcoaching-Langeoog.jpg 1554w\" sizes=\"(max-width: 300px) 100vw, 300px\" \/><\/p><p>Wie das funktioniert und warum auf Langeoog, erfahrt ihr, wenn ihr <a href=\"https:\/\/how-logistics.de\/?page_id=470\"><span style=\"color: #000080;\"><strong>hier klickt<\/strong><\/span><\/a>.<\/p><\/div>\n\t\t\t\t<\/div>\n\t\t\t\t<\/div>\n\t\t\t\t\t\t<\/div>\n\t\t\t\t\t<\/div>\n\t\t<\/div>\n\t\t\t\t\t\t\t\t<\/div>\n\t\t\t\t\t<\/div>\n\t\t<\/section>\n\t\t\t\t\t\t<\/div>\n\t\t\t\t\t\t<\/div>\n\t\t\t\t\t<\/div>\n\t\t","protected":false},"excerpt":{"rendered":"<p>Wichtige Kennzahlen im Lager, nicht nur in Krisenzeiten! Oder gerade in Krisenzeiten, um ein besseres Steuerungsinstrument zu haben? F\u00fcr mich sind folgende Kennzahlen die wichtigsten: \u2776 Lieferf\u00e4higkeit\u2777 Lagerbestand\u2778 Umschlagsh\u00e4ufigkeit\u2779 Auftragsstruktur\u277a Auftragsschwankungen Zum Weiterlesen und Video bitte hier Klicken. Einbindung der 5 wichtigsten Kennzahlen in den Wertsch\u00f6pfungsprozess Warum ist eine End-to-End-Beziehung in der Betrachtung der 5 [&hellip;]<\/p>\n","protected":false},"author":1,"featured_media":0,"parent":0,"menu_order":5,"comment_status":"closed","ping_status":"closed","template":"templates\/fullwidth.php","meta":[],"_links":{"self":[{"href":"https:\/\/how-logistics.de\/index.php?rest_route=\/wp\/v2\/pages\/17"}],"collection":[{"href":"https:\/\/how-logistics.de\/index.php?rest_route=\/wp\/v2\/pages"}],"about":[{"href":"https:\/\/how-logistics.de\/index.php?rest_route=\/wp\/v2\/types\/page"}],"author":[{"embeddable":true,"href":"https:\/\/how-logistics.de\/index.php?rest_route=\/wp\/v2\/users\/1"}],"replies":[{"embeddable":true,"href":"https:\/\/how-logistics.de\/index.php?rest_route=%2Fwp%2Fv2%2Fcomments&post=17"}],"version-history":[{"count":40,"href":"https:\/\/how-logistics.de\/index.php?rest_route=\/wp\/v2\/pages\/17\/revisions"}],"predecessor-version":[{"id":479,"href":"https:\/\/how-logistics.de\/index.php?rest_route=\/wp\/v2\/pages\/17\/revisions\/479"}],"wp:attachment":[{"href":"https:\/\/how-logistics.de\/index.php?rest_route=%2Fwp%2Fv2%2Fmedia&parent=17"}],"curies":[{"name":"wp","href":"https:\/\/api.w.org\/{rel}","templated":true}]}}